t is -b + 327aab2?
327aaa4
In base 16, what is cf - 16e22a?
-16e15b
In base 10, what is -22981 - -5301?
-17680
In base 2, what is -110110001010111111000 - 101110101?
-110110001011101101101
In base 11, what is -3 - 1571395?
-1571398
In base 4, what is -2 - 331013032223?
-331013032231
In base 10, what is 1770636 - -647?
1771283
In base 16, what is 0 + 6afb5ae?
6afb5ae
In base 7, what is -3462 - -34316?
30524
In base 3, what is -102 - 1010202002112?
-1010202002221
In base 13, what is -499cac - 41?
-49a020
In base 6, what is 1243204 + 443?
1244051
In base 7, what is -352544 + 4551?
-344663
In base 11, what is -46 + -1374a6?
-137541
In base 3, what is 10102221011010 - -12?
10102221011022
In base 3, what is 1020220200021 + 10?
1020220200101
In base 3, what is -12 + -20100021210101?
-20100021210120
In base 8, what is 1520107 + 1306?
1521415
In base 6, what is 5 + 251132430?
251132435
In base 13, what is -2c62 + -1595?
-4527
In base 14, what is -11db6d - -10ca?
-11ca83
In base 14, what is -20 - a6280?
-a62a0
In base 7, what is 154031604 - -16?
154031623
In base 13, what is 961 - -2388?
3019
In base 10, what is 154815 - 353?
154462
In base 8, what is -21261506 - -60?
-21261426
In base 11, what is -116 + -3135647?
-3135762
In base 9, what is 14 + 70784?
70808
In base 2, what is 1000000001011010011 + 1111101101?
1000000011011000000
In base 11, what is -183 - 210a3?
-21276
In base 9, what is 717 - 70011?
-68183
In base 13, what is 4b09 + -36a?
476c
In base 3, what is -22001212 + 110022221?
11021002
In base 7, what is 35162420 + 43?
35162463
In base 11, what is 26314756 - -5?
26314760
In base 3, what is 12012111 + 12011022?
101100210
In base 8, what is 5 + 5725244?
5725251
In base 6, what is 1151 - -45514003?
45515154
In base 5, what is -314440 + 11440?
-303000
In base 9, what is 34555 - -56025?
101581
In base 11, what is 11a94291 + -27?
11a94265
In base 13, what is -21 - 732a9?
-732ca
In base 9, what is 2 + -23261704?
-23261702
In base 11, what is -1a068 + -1083?
-20140
In base 12, what is -20 + -59a22?
-59a42
In base 2, what is 10100000001101010010110 - 110?
10100000001101010010000
In base 12, what is -a5364 + 12?
-a5352
In base 9, what is -35254 - 321?
-35575
In base 14, what is -5 + 80b45?
80b40
In base 9, what is -3826242 - 23?
-3826265
In base 15, what is -3d5257 + 3?
-3d5254
In base 10, what is 2 - -13459902?
13459904
In base 10, what is -436551390 - 4?
-436551394
In base 6, what is 115 - -510102?
510221
In base 5, what is -22024122 - 213?
-22024340
In base 14, what is 179a - 949?
c51
In base 5, what is 4 + 33100022?
33100031
In base 2, what is 10000010000001111 - 1010?
10000010000000101
In base 15, what is -a + -1ea611?
-1ea61b
In base 10, what is 66 + -694561?
-694495
In base 9, what is 27508 + 1074?
28583
In base 16, what is 196 + 3038?
31ce
In base 6, what is 4212224 - 1414?
4210410
In base 7, what is -251 + -303556?
-304140
In base 4, what is 11220123233 + -3302?
11220113331
In base 16, what is -132 - -12aa1?
1296f
In base 14, what is -1150 - 2963?
-3ab3
In base 7, what is -33325 - -103666?
40341
In base 16, what is 264 - -5d0e?
5f72
In base 9, what is 27 - -3523147?
3523175
In base 7, what is 4 - -160624121?
160624125
In base 11, what is 164 + -2887?
-2723
In base 3, what is 10 + -12211210021200?
-12211210021120
In base 7, what is -525123033 - -2?
-525123031
In base 5, what is 31004404244 + 0?
31004404244
In base 2, what is 11001110101 + 1000001011101111?
1000100101100100
In base 15, what is -61 - 99b63?
-99bc4
In base 15, what is b58d - -3d9?
b977
In base 6, what is 2 + -230532024?
-230532022
In base 11, what is -99a - -16250?
15361
In base 16, what is -4 + 2a0b1a?
2a0b16
In base 11, what is -5586149 + -5?
-5586153
In base 6, what is -1322210 - 1105?
-1323315
In base 10, what is -475347 - 69?
-475416
In base 8, what is 504 - 7163?
-6457
In base 7, what is -24 + 23356243?
23356216
In base 7, what is -1220143231 - -2?
-1220143226
In base 16, what is 158717e + 11?
158718f
In base 6, what is -22422 - -521432?
455010
In base 16, what is -3b17 + -12d4?
-4deb
In base 15, what is 71 - -284c6?
28547
In base 8, what is -5 - -105256111?
105256104
In base 5, what is 202303232324 - 11?
202303232313
In base 3, what is -1110221 + -22211000?
-101021221
In base 5, what is 1212213031 + 22?
1212213103
In base 14, what is -12c3d42 + -3?
-12c3d45
In base 9, what is 44638247 + -3?
44638244
In base 7, what is -12060 + 64060?
52000
In base 11, what is 263a35 + -17?
263a19
In base 12, what is 275aa58 + -4?
275aa54
In base 11, what is -13 + -20545a76?
-20545a89
In base 11, what is aa95 + 6601?
16596
In base 10, what is -355016 - -31?
-354985
In base 13, what is -1c8 + -51504?
-516cc
In base 12, what is -16500 + 3a96?
-12626
In base 15, what is 694 + -154?
540
In base 2, what is 100110111111001010 + 1111001001001?
101000111000010011
In base 3, what is 2022 - -10002022202111?
10002022211210
In base 6, what is 10320341 + -113?
10320224
In base 13, what is 8780 - -32?
87b2
In base 8, what is -151435 + -62?
-151517
In base 7, what is -1542103130 - 3?
-1542103133
In base 7, what is 1231 - -15242106?
15243340
In base 2, what is 1110011110100 + -10101110111101101?
-10100000011111001
In base 13, what is 51 + 5515a8?
551629
In base 9, what is -1 - -44281775?
44281774
In base 16, what is 600 - 216c0?
-210c0
In base 15, what is 1859c - 2d20?
1577c
In base 10, what is 1 + -401629?
-401628
In base 11, what is 1218 - 608a3?
-5a686
In base 14, what is 5 + -212a897?
-212a892
In base 12, what is -557 - 442a24?
-44337b
In base 14, what is 11 + 190626?
190637
In base 9, what is 2 - 6705551?
-6705548
In base 2, what is -111111100011 - -1001110110011011101?
1001101110011111010
In base 4, what is -11210303 - 30211?
-11301120
In base 2, what is 100001000011 - 1010111010?
10110001001
In base 15, what is -7e826d + -3?
-7e8271
In base 16, what is -4e5e - -14e?
-4d10
In base 12, what is 5 + -3301897?
-3301892
In base 5, what is -2221244 - 2030?
-2223324
In base 5, what is 44111 - 1014203?
-420042
In base 8, what is -1 - 11145317?
-11145320
In base 7, what is -11636 + -1040615?
-1052554
In base 7, what is -11643532 - 2?
-11643534
In base 15, what is -ca137 + -8b?
-ca1c3
In base 15, what is -35481c8 + -4?
-35481cc
In base 9, what is -7 - 33708843?
-33708851
In base 6, what is -3545251 - -242?
-3545005
In base 14, what is 13c + -17a1?
-1663
In base 2, what is 1011001000000010 - -11001110000001?
1110010110000011
In base 9, what is -3 - -4385756?
4385753
In base 5, what is 114003 - 3314110?
-3200102
In base 7, what is -5 + 1350033543?
1350033535
In base 12, what is 2 + -9a381?
-9a37b
In base 15, what is -1 - -12161d?
12161c
In base 11, what is -a93aa + -a?
-a9409
In base 4, what is -130201330212 + 12?
-130201330200
In base 3, what is -22 + -100120021002?
-100120021101
In base 8, what is 1544457 - 1?
1544456
In base 3, what is 2111111200112 - -2222?
2111111210111
In base 9, what is -1 - 245778025?
-245778026
In base 6, what is -45 - 432123032?
-432123121
In base 2, what is 111 - 110110111101111101?
-110110111101110110
In base 15, what is -6edee1 + 4?
-6ededc
In base 11, what is -24303 + -35?
-24338
In base 5, what is -10 - -10420030420?
10420030410
In base 2, what is 11100011 - -1000111010010011?
1000111101110110
In base 15, what is 5e9d54 + -66?
5e9cdd
In base 7, what is -236533120 + -2?
-236533122
In base 10, what is 1970287 - 5?
1970282
In base 2, what is -1100100 + 10010010101101000?
10010010100000100
In base 5, what is -103323021414 - -1?
-103323021413
In base 3, what is 211111222 + 11101112?
222220111
In base 3, what is 1111022201120000 - -101?
1111022201120101
In base 15, what is 36 - 27c458?
-27c422
In base 14, what is -476a + 3b5?
-4395
In base 8, what is -4 + -16651111?
-16651115
In base 14, what is 17d50 - 1103?
16c4b
In base 2, what is 1000 - -1101110110101011110?
1101110110101100110
In base 2, what is 1010111101010011 + -10000110001?
1010101100100010
In base 12, what is -3354b967 - -1?
-3354b966
In base 4, what is -1133110 - -122?
-1132322
In base 5, what is -100 - 1421212344?
-1421212444
In base 6, what is 4 + 203522502?
203522510
In base 5, what is 340 + -33402110?
-33401220
In base 12, what is -17a54 + 310?
-17744
In base 7, what is 5 + -3013333642?
-3013333634
In base 15, what is